12785?
8
What is the hundreds digit of 26653?
6
What is the thousands digit of 51914?
1
What is the tens digit of 186978?
7
What is the thousands digit of 6050?
6
What is the units digit of 35629?
9
What is the hundreds digit of 878?
8
What is the hundreds digit of 91326?
3
What is the hundreds digit of 827?
8
What is the tens digit of 3781?
8
What is the tens digit of 25276?
7
What is the ten thousands digit of 12442?
1
What is the thousands digit of 31904?
1
What is the ten thousands digit of 62393?
6
What is the hundreds digit of 24364?
3
What is the units digit of 2044?
4
What is the ten thousands digit of 167454?
6
What is the ten thousands digit of 160584?
6
What is the thousands digit of 9902?
9
What is the hundreds digit of 2985?
9
What is the tens digit of 23788?
8
What is the tens digit of 412?
1
What is the hundreds digit of 1826?
8
What is the tens digit of 472?
7
What is the tens digit of 73495?
9
What is the tens digit of 6520?
2
What is the hundreds digit of 2145?
1
What is the units digit of 1195?
5
What is the hundreds digit of 7637?
6
What is the tens digit of 487?
8
What is the hundreds digit of 6043?
0
What is the hundreds digit of 5079?
0
What is the hundreds digit of 7608?
6
What is the thousands digit of 11195?
1
What is the thousands digit of 5680?
5
What is the hundreds digit of 6364?
3
What is the hundreds digit of 68776?
7
What is the tens digit of 3868?
6
What is the tens digit of 794?
9
What is the units digit of 109?
9
What is the thousands digit of 19994?
9
What is the units digit of 8075?
5
What is the hundreds digit of 376?
3
What is the tens digit of 5212?
1
What is the ten thousands digit of 19544?
1
What is the units digit of 8501?
1
What is the hundreds digit of 25868?
8
What is the tens digit of 128119?
1
What is the tens digit of 76488?
8
What is the thousands digit of 39762?
9
What is the units digit of 4430?
0
What is the hundreds digit of 3027?
0
What is the tens digit of 11485?
8
What is the tens digit of 981?
8
What is the thousands digit of 7422?
7
What is the tens digit of 1353?
5
What is the ten thousands digit of 40656?
4
What is the thousands digit of 163431?
3
What is the thousands digit of 5988?
5
What is the thousands digit of 2922?
2
What is the tens digit of 16033?
3
What is the tens digit of 466?
6
What is the units digit of 46600?
0
What is the hundreds digit of 5837?
8
What is the tens digit of 65247?
4
What is the thousands digit of 3181?
3
What is the units digit of 63?
3
What is the tens digit of 741?
4
What is the units digit of 3604?
4
What is the thousands digit of 2259?
2
What is the units digit of 7275?
5
What is the thousands digit of 5977?
5
What is the hundreds digit of 2575?
5
What is the tens digit of 3446?
4
What is the ten thousands digit of 23396?
2
What is the hundreds digit of 50730?
7
What is the units digit of 35448?
8
What is the tens digit of 23463?
6
What is the tens digit of 25590?
9
What is the hundreds digit of 228?
2
What is the units digit of 7105?
5
What is the hundreds digit of 8014?
0
What is the units digit of 4736?
6
What is the thousands digit of 64543?
4
What is the tens digit of 162?
6
What is the tens digit of 62113?
1
What is the hundred thousands digit of 150309?
1
What is the hundreds digit of 7488?
4
What is the thousands digit of 1243?
1
What is the hundreds digit of 1141?
1
What is the ten thousands digit of 19501?
1
What is the thousands digit of 8380?
8
What is the hundreds digit of 6210?
2
What is the tens digit of 99?
9
What is the tens digit of 1752?
5
What is the units digit of 57?
7
What is the ten thousands digit of 154196?
5
What is the tens digit of 53070?
7
What is the tens digit of 3510?
1
What is the thousands digit of 11477?
1
What is the hundreds digit of 663?
6
What is the tens digit of 4432?
3
What is the units digit of 1537?
7
What is the units digit of 1483?
3
What is the tens digit of 2116?
1
What is the units digit of 511?
1
What is the ten thousands digit of 15801?
1
What is the tens digit of 32844?
4
What is the units digit of 11307?
7
What is the thousands digit of 76104?
6
What is the thousands digit of 123823?
3
What is the ten thousands digit of 49506?
4
What is the tens digit of 94?
9
What is the units digit of 34779?
9
What is the tens digit of 598?
9
What is the hundreds digit of 9393?
3
What is the thousands digit of 5041?
5
What is the tens digit of 168?
6
What is the units digit of 12059?
9
What is the thousands digit of 9526?
9
What is the units digit of 58636?
6
What is the units digit of 877?
7
What is the ten thousands digit of 98620?
9
What is the hundreds digit of 3689?
6
What is the units digit of 453?
3
What is the tens digit of 84554?
5
What is the units digit of 77771?
1
What is the tens digit of 1262?
6
What is the hundreds digit of 19152?
1
What is the hundreds digit of 730?
7
What is the tens digit of 50780?
8
What is the thousands digit of 34588?
4
What is the hundreds digit of 1165?
1
What is the hundreds digit of 7702?
7
What is the hundreds digit of 2637?
6
What is the tens digit of 5276?
7
What is the thousands digit of 4204?
4
What is the units digit of 9292?
2
What is the units digit of 92047?
7
What is the units digit of 5371?
1
What is the hundreds digit of 20216?
2
What is the tens digit of 5127?
2
What is the hundreds digit of 1763?
7
What is the units digit of 452?
2
What is the units digit of 910?
0
What is the ten thousands digit of 53190?
5
What is the thousands digit of 4762?
4
What is the units digit of 991?
1
What is the hundreds digit of 25216?
2
What is the thousands digit of 3962?
3
What is the tens digit of 15982?
8
What is the units digit of 1884?
4
What is the units digit of 4820?
0
What is the hundreds digit of 1927?
9
What is the units digit of 45?
5
What is the tens digit of 1598?
9
What is the tens digit of 87?
8
What is the units digit of 60050?
0
What is the tens digit of 9527?
2
What is the thousands digit of 2496?
2
What is the hundreds digit of 2450?
4
What is the units digit of 339?
9
What is the units digit of 21564?
4
What is the ten thousands digit of 69016?
6
What is the hundreds digit of 10600?
6
What is the thousands digit of 2207?
2
What is the hundreds digit of 6793?
7
What is the ten thousands digit of 31127?
3
What is the tens digit of 38543?
4
What is the units digit of 88606?
6
What is the thousands digit of 1395?
1
What is the hundreds digit of 195873?
8
What is the units digit of 11595?
5
What is the tens digit of 4874?
7
What is the tens digit of 29734?
3
What is the hundreds digit of 1231?
2
What is the hundreds digit of 828?
8
What is the tens digit of 44115?
1
What is the thousands digit of 1549?
1
What is the thousands digit of 3295?
3
What is the hundreds digit of 2250?
2
What is the units digit of 132?
2
What is the ten thousands digit of 50122?
5
What is the thousands digit of 54756?
4
What is the tens digit of 161?
6
What is the hundreds digit of 66322?
3
What is the units digit of 10243?
3
What is the tens digit of 14541?
4
What is the tens digit of 1463?
6
What is the units digit of 35667?
7
What is the hundreds digit of 4707?
7
What is the tens digit of 389?
8
What is the tens digit of 248?
4
What is the units digit of 2266?
6
What is the ten thousands digit of 71998?
7
What is the units digit of 12548?
8
What is the units digit of 30541?
1
What is the hundreds digit of 9026?
0
What is the hundreds digit of 2230?
2
What is the hundreds digit of 3481?
4
What is the hundreds digit of 309?
3
What is the hundreds digit of 41046?
0
What is the units digit of 4227?
7
What is the tens digit of 2566?
6
What is the hundreds digit of 27827?
8
What is the hundreds digit of 21619?
6
What is the tens digit of 1404?
0
What is the thousands digit of 2296?
2
What is the tens digit of 34282?
8
What is the tens digit of 67964?
6
What is the tens digit of 1228?
2
What is the hundreds digit of 1205?
2
What is the units digit of 4461?
1
What is the hundreds digit of 3066?
0
What is the tens digit of 462?
6
What is the tens digit of 136?
3
What is the tens digit of 404?
0
What is the tens digit of 433?
3
What is the units digit of 22634?
4
What is the units digit of 4964?
4
What is the ten thousands digit of 138494?
3
What is the hundreds digit of 3821?
8
Wh